(1 - 5) - -15
14
What is the value of 651 - 657 - (18 + 2 - 1)?
-25
Evaluate -54 + 64 - -5 - (2 + -8).
21
What is the value of -55 + (-9 - -33) - -23?
-8
What is the value of -2 + 4 + -4 + 3 + (3 - -1)?
5
Calculate 25 - (63 + -28 + -15).
5
What is 18 + -31 + 35 - 11?
11
Calculate 10 - (6 - (39 + 0) - (-12 + 8)).
39
Evaluate 9 + (0 - 12 - (-10 - -5)).
2
-3 + -13 + -55 + 92
21
-805 + 816 - (0 + 0)
11
Evaluate -14 + 22 + 5 + -1 + -2.
10
What is the value of -1 + 0 + 15 + (-14 - 3)?
-3
-8 - (-5 + -13) - (5 - 4)
9
-1 + (4 - -2) + -7 - (-14 + 1)
11
What is the value of (-17 - -7 - 6) + -7?
-23
(-129 - -153) + (2 - 6 - (0 + -13))
33
7 - (7 - (-1 + -2 + 2 + 6))
5
(50 + (-15 - 9) - (0 + 0)) + -6
20
What is 29 - 14 - (30 - 8)?
-7
What is the value of -5 - -7 - 9 - (-11 + 8 + 1)?
-5
What is the value of -9 + (-28 - -10 - -35)?
8
What is (-11 - (26 - 52)) + -31?
-16
What is 3 + 10 + 8 - ((2 - -1) + 2)?
16
What is 12 + 14 + 2 + -12 + (0 - -18)?
34
What is the value of -22 - (19 - 16 - 31)?
6
Evaluate 1 - (2 + -5 + 2 + 13 + -5).
-6
What is the value of -20 - -42 - (2 + 7)?
13
Evaluate (-2 - -1) + -22 - (-20 - (13 + -28)).
-18
What is (8 - (-2 - -3)) + (-3 - -2)?
6
What is 15 - (-8 + (1 - -25))?
-3
What is the value of (-284 - -266) + 0 + 30?
12
Evaluate 4 + (1 - (30 + 1 + -4 + -7)).
-15
Evaluate (-16 + 33 - 16) + 16 - 14.
3
Calculate -5 - (-1 + 2) - -12 - -5 - -1.
12
What is 9 + 23 + (-37 - -17)?
12
(0 - (14 + -20)) + -18
-12
Calculate 12 + -14 + 7 + -4 + -5 + 6.
2
What is the value of 1 + -19 - (-161 - -152)?
-9
Evaluate -12 - (0 - (13 - 8)).
-7
Evaluate -17 - -5 - ((1 - 1) + -4 + -2).
-6
What is 21 + -23 + -40 + 21?
-21
What is the value of -15 + 3 + 10 - 11?
-13
What is 679 + -683 + 11 + (0 - 3)?
4
5 + -3 + -36 - (-7 + 5 - 2)
-30
What is the value of 17 + -20 - (-6 - (-2 + 1))?
2
What is (-1 - 17 - -36) + -6?
12
-20 + 33 - (-12 - (-7 + 3))
21
Evaluate -14 + -6 + 15 + -5 + 10.
0
17 - (-6 + 3) - (2 + 5 + -3)
16
Evaluate 4 + -25 + 9 + 12.
0
Calculate 4 - (-9 + -11 - -22).
2
Calculate -7 - -20 - 1 - (-2 + -5 - -12).
7
Calculate (12 - 7) + (-7 - -4) + (5 - -6).
13
-8 + 9 + (1 - -4 - (1 - -10))
-5
What is the value of 35 - ((-12 - 1) + 50)?
-2
What is the value of 14 + (8 + 8 - 32) - (2 + -35)?
31
What is the value of 8 + 1 + (20 + -87 - -85)?
27
What is the value of 27 - 3 - 26 - (18 + -2)?
-18
Evaluate 7 + -8 + (-5 - -6 - 2) + -13.
-15
3 + (0 - -6 - (-13 + -10 + 45))
-13
Evaluate -13 - (1 + (7 - (29 + -9))).
-1
Evaluate -9 + 7 - (2 + -7) - 4.
-1
What is 8 - (-92 - -83 - (1 - 16))?
2
What is the value of (0 - 3) + (-8 - -1)?
-10
What is 29 + (-8 - 8) + -23?
-10
Evaluate 9 + -1 - (-231 + 219).
20
What is 14 + 29 + -6 - 20?
17
What is 2 - ((13 - 24) + -2 + 40)?
-25
Calculate 1 - 8 - (-35 - -14).
14
Evaluate 5 - (32 - (16 - 18)).
-29
What is the value of ((12 - 10) + 6 - -1) + 13?
22
Evaluate (13 - 0) + (-8 - -3) + -2 - -1.
7
0 + (-7 + 14 - 14) - (-1 - -4)
-10
46 + (2 - 51) - (-18 - (-1 + 0))
14
What is the value of (-3 - 20) + (1 - -28)?
6
What is the value of (-38 - -18 - -22) + -4?
-2
0 - (-9 + (-3 - (0 + 13)))
25
What is 0 - 26 - (-8 - (11 - 27))?
-34
Evaluate -5 - (-7 - (10 + -4 - 4)).
4
Evaluate (0 - 0 - ((6 - 2) + 2)) + -18.
-24
What is 1 + 2 + (11 - 7) + -8?
-1
What is the value of -33 - (11 + -28) - -12?
-4
-3 - (-8 + 3 + 5 - 9) - 26
-20
What is the value of 8 - -14 - (-8 + 10 + 10)?
10
1 + -8 - (4 + -15 - (-1 + -8))
-5
What is the value of -2 - (24 + -21 - (-8 + 5))?
-8
What is 1 - (-4 + (3 - -4) + (-25 - -12))?
11
What is 11 - ((7 - -2) + -6 + (35 - 25))?
-2
11 - (9 + -4 + 5 + -13)
14
(-3 - 2) + (32 - 25) + 1 + -3
0
What is -6 + 9 + -4 - (-11 - -10)?
0
Calculate 19 + -12 + -6 + -4 + (3 - -2).
2
-4 + (-8 - (-15 - -14))
-11
What is -2 + 0 + (-13 + 10 + -3 - 3)?
-11
What is (-15 - (-10 - (-6 + -3))) + (-1 - -1)?
-14
13 - 7 - (2 - (3 - (-6 - 0)))
13
Calculate (3 + 7 - 20) + 23.
13
Evaluate 5 + (5 - 1) - (15 - 21 - -11).
4
Evaluate -22 + (-31 - -56) - 3.
0
Evaluate 5 - (3 - 11) - 5 - -14.
22
0 - (-6 + 18 + -6)
-6
Calculate -13 - ((-5 - -11) + (8 - 9)).
-18
Evaluate (-14 + 1 - (73 + -83)) + -4 - 20.
-27
What is the value of 2 + (5 - 1) - (-28 - -30) - 13?
-9
What is 16 - 1 - 6 - (-3 - -3)?
9
What is 3 - (4 - -6) - -22?
15
What is the value of (0 - 25) + (30 - 5)?
0
Evaluate 0 + -60 + (-135 - -169).
-26
-4 - -22 - (26 + -32) - 11
13
What is the value of -3 - -12 - 0 - (-348 - -352)?
5
Evaluate -2 + 6 + (-1 - 11) + -4.
-12
Evaluate -19 - (-45 + -3) - -7.
36
What is the value of 5 - (21 + -13) - -11?
8
4 + (16 - (3 + 7)) + -6
4
What is the value of 7 - (-3 + -7 + (4 + -9 - -8))?
14
What is the value of (34 - 23) + -34 + (5 - 2) + 1?
-19
What is -1 + 10 - (6 + 3)?
0
What is the value of 14 - (-10 + 9) - (2 - (1 - 2))?
12
What is -466 + 438 + (14 - (0 + 0))?
-14
(4 - ((2 - 9) + 8 + -2)) + 1
6
Evaluate -1 + (-8 + -4 - -14).
1
What is the value of 12 + 4 + (-3 - 3 - (6 - 6))?
10
What is the value of 7 + (-6 - 6 - (-1 + (2 - -1)))?
-7
What is the value of (-1 - (-11 + 20)) + 14?
4
Evaluate -12 + 0 + 35 + -86 + 41.
-22
Evaluate (-21 - -8) + 18 + (1 - -3).
9
Calculate (18 - 7 - 10) + 4.
5
Evaluate -4 + (32 - 18) + -5.
5
Evaluate 7 + (-41 - -37 - (-2 - (-2 - 1))).
2
What is the value of 9 - -6 - 44 - -14?
-15
Evaluate -8 + (0 - -7 - (-1 + 3)) + 8.
5
What is 5 + (6 - 12) + 9 + -4?
4
What is the value of (-15 - ((4 - 5) + -2)) + (5 - 4)?
-11
What is the value of 100 + -80 + 2 + -7?
15
What is the value of 18 - (3 + -7 + 3 + 6 + 3)?
10
Calculate (-22 - -55) + -6 + -17.
10
Calculate 2 + 0 + 1 + (-51 - -54).
6
What is the value of 2 - (-28 - (-4 + 2))?
28
What is the value of 31 - (-2 + 15 + 4)?
14
Calculate -13 - -1 - (-232 - -202).
18
What is (-3 + 1 - 20) + 11 + -3?
-14
-4 - (-8 + (-3 + 9 - (-3 + 17)))
12
What is -4 - -4 - -2 - (-2 + -6 - -6)?
4
Calculate -50 - (-6 - 2) - (-28 + 12).
-26
What is 72 + -68 - (3 - -3)?
-2
What is the value of -2 + (-6 + -8 - -11) + -2?
-7
(-11 - (32 + -19)) + -4
-28
11 - 5 - (-15 - (2 - 10))
13
What is (-2 - -1 - 0) + 3 - (50 - 44)?
-4
What is -21 + 5 + 18 - 2?
0
What is the value of 14 - -16 - (3 + -15 - -16)?
26
Calculate 78 - 73 - (5 - (3 - (-4 - -5))).
2
What is the value of 7 - (-8 - (4 + -18))?
1
What is (-8 + -3 + 8 - -7) + 5?
9
What is 3 + 16 + -1 + (4 - 11)?
11
Calculate -3 + (4 - -2 - 12 - -11) + -2.
0
What is -26 + -2 + (-90 - -107)?
-11
-19 + 10 + 13 + -10
-6
Calculate 14 - ((22 - 29) + 38).
-17
(6 - 1) + (-8 - 7)
-10
(-52 - -82) + 1 + -30
1
Calculate 37 + -21 + 1 + -9 + 17.
25
Evaluate (5 - 3) + (20 - (-11 + 13 + -5)).
25
Evaluate 177 + -220 + (-5 - -82).
34
Calculate (-24 - -13) + -21 - -24.
-8
Calculate 2 - (4 + 8 + -3 + -2) - -30.
25
(-1 + 19 + 0 - 6) + -16 + 11
7
Evaluate 6 - 10 - 0 - (-21 - 2 - -2).
17
What is 8 + -2 + -7 + -2 + 2 - 2?
-3
What is 18 - 12 - -22 - 40?
-12
What is the value of -12 + ((0 - 12) + 2 - (23 + -43))?
-2
Calculate -2 - (-2 - -14) - (-20 + 16).
-10
What is the value of 6 + 11 + (3 - 9) + (-27 - -25)?
9
What is 2 + (-4 - 3) - -18 - 2?
11
What is (3 - -2) + 15 + -16 + 4 + -7?
1
What is the value of (1 - -9) + (-8 + -8 + 5 - 8)?
-9
Calculate 1 - (2 - 18) - (198 + -187).
6
Evaluate (-35 + 35 - -16) + -39.
-23
Calculate -4 + (-1 - -2) + (-1 + 8 - 2).
2
What is the value of 9 + 5 + -15 + 9?
8
Calculate (2 - -6) + (18 + (0 - 10) - 38).
-22
6 + 14 + (-23 - -22) - (8 - 1)
12
Evaluate (-3 - 2) + 69 + -58 + -27.
-21
32 - (-35 + 22 + 32)
13
Evaluate 2 - (-7 + -14 + 14) - 16.
-7
What is -1 + -8 + 2 + 1 + 17 + -16?
-5
What is the value of -10 - (-4 + 3 - 2 - -21) - 11?
-39
What is the value of 14 + (1 - (4 - -2)) - 9?
0
Evaluate 17 - (-6 + (-16 - -21) + 4).
14
What is (-1 - 6 - (-339 + 323)) + (-2 - -11)?
18
Evaluate 10 + (-4 - -6) - (9 + -5 - 6).
14
What is 1 + -30 - (961 - 987)?
-3
What is the value of -50 + (28 - 3) - -3?
-22
What is the value of -6 + 22 + (3 + 1 - 12)?
8
Calculate -281 + 224 + 31 + -4.
-30
Calculate 21 - 10 - 21 - -22 - 32.
-20
Calculate 5 - (4 + 10 + (-15 - 3)).
9
Calculate 0 + (0 - -8) - -3.
11
What is the value of 12 - (8 + 10 + -14 + 3) - 38?
-33
What is the value of -9 + 6 + -1 + -2?
-6
Evaluate -5 + (2 - -4 - 6) - 1 - -2.
-4
13 - 21 - (-7 + 28 + -13)
-16
Calculate 65 + -63 + (3 - (2 + (2 - -30))).
-29
-12 + -15 + 30 + (-9 - 0)
-6
What is the value of 25 + -30 + 1 + -2 + 1 + 18?
13
